?
5
What is the greatest common divisor of 38395 and 105?
35
What is the greatest common factor of 1161 and 1458?
27
Calculate the greatest common divisor of 297 and 561.
33
Calculate the highest common factor of 77 and 396.
11
What is the greatest common factor of 24 and 522?
6
Calculate the greatest common factor of 93 and 8277.
93
What is the highest common divisor of 270 and 20?
10
Calculate the greatest common divisor of 15 and 3.
3
What is the greatest common factor of 232 and 88?
8
Calculate the greatest common divisor of 1125 and 15.
15
Calculate the greatest common divisor of 665 and 190.
95
What is the highest common divisor of 160 and 14240?
160
What is the greatest common divisor of 1767 and 456?
57
Calculate the greatest common divisor of 65 and 13.
13
Calculate the greatest common factor of 110 and 40.
10
What is the highest common factor of 1 and 9?
1
What is the highest common factor of 75 and 1075?
25
Calculate the greatest common factor of 80 and 14940.
20
Calculate the highest common factor of 486 and 27.
27
Calculate the highest common factor of 7076 and 854.
122
What is the highest common divisor of 13 and 2561?
13
What is the greatest common divisor of 416 and 39?
13
What is the greatest common factor of 624 and 91?
13
What is the greatest common factor of 166 and 1162?
166
What is the highest common factor of 5328 and 12?
12
What is the highest common divisor of 442 and 26?
26
Calculate the greatest common divisor of 1725 and 6675.
75
Calculate the greatest common factor of 48 and 1.
1
What is the highest common factor of 789 and 3?
3
What is the highest common factor of 5969 and 508?
127
Calculate the highest common factor of 21063 and 354.
177
Calculate the greatest common divisor of 4 and 1048.
4
What is the greatest common factor of 1369 and 74?
37
What is the greatest common factor of 299 and 13?
13
Calculate the greatest common divisor of 72 and 7236.
36
What is the highest common factor of 256 and 40?
8
What is the highest common factor of 60 and 375?
15
Calculate the highest common divisor of 8255 and 508.
127
Calculate the highest common factor of 88 and 66.
22
What is the highest common divisor of 348 and 2204?
116
Calculate the greatest common divisor of 504 and 684.
36
Calculate the greatest common divisor of 995 and 20.
5
What is the greatest common factor of 46 and 2?
2
Calculate the greatest common factor of 110 and 935.
55
Calculate the highest common divisor of 6235 and 172.
43
What is the highest common divisor of 595 and 21?
7
Calculate the greatest common factor of 90 and 25.
5
What is the highest common factor of 65 and 52?
13
Calculate the highest common factor of 344 and 64.
8
What is the highest common divisor of 100 and 75?
25
Calculate the greatest common divisor of 22 and 253.
11
Calculate the highest common divisor of 36 and 996.
12
What is the highest common factor of 513 and 57?
57
Calculate the greatest common divisor of 4945 and 115.
115
What is the highest common divisor of 1398 and 6?
6
Calculate the greatest common divisor of 6103 and 17.
17
What is the highest common factor of 66 and 165?
33
Calculate the highest common factor of 1348 and 8.
4
What is the greatest common divisor of 10 and 90?
10
Calculate the greatest common factor of 231 and 1023.
33
Calculate the highest common factor of 28 and 8.
4
What is the greatest common divisor of 11 and 5632?
11
What is the greatest common divisor of 71 and 3763?
71
Calculate the highest common divisor of 527 and 217.
31
Calculate the highest common divisor of 60 and 147.
3
Calculate the greatest common divisor of 29995 and 35.
35
Calculate the greatest common divisor of 440 and 4488.
88
What is the greatest common divisor of 9 and 2?
1
Calculate the highest common divisor of 6 and 1074.
6
What is the greatest common divisor of 5445 and 45?
45
What is the greatest common factor of 176 and 112?
16
What is the highest common factor of 23 and 299?
23
Calculate the greatest common factor of 310 and 62.
62
What is the highest common divisor of 176 and 3388?
44
What is the highest common divisor of 105 and 11325?
15
Calculate the highest common divisor of 238 and 14.
14
Calculate the greatest common factor of 182 and 42.
14
What is the greatest common factor of 169 and 3133?
13
Calculate the greatest common factor of 160 and 15.
5
What is the greatest common factor of 7 and 875?
7
What is the greatest common factor of 19 and 1843?
19
Calculate the greatest common divisor of 5 and 2630.
5
Calculate the highest common divisor of 7308 and 756.
252
Calculate the highest common factor of 164 and 164.
164
What is the highest common factor of 1 and 2351?
1
What is the greatest common factor of 140 and 84?
28
What is the greatest common divisor of 10 and 650?
10
Calculate the highest common divisor of 268 and 737.
67
Calculate the highest common divisor of 30 and 18.
6
Calculate the greatest common factor of 71 and 284.
71
Calculate the highest common divisor of 4042 and 47.
47
Calculate the greatest common divisor of 5 and 55.
5
What is the highest common divisor of 64 and 616?
8
What is the highest common divisor of 13871 and 429?
143
Calculate the greatest common divisor of 92 and 4738.
46
What is the greatest common divisor of 72 and 44?
4
Calculate the greatest common divisor of 264 and 24.
24
What is the highest common divisor of 67 and 1273?
67
What is the greatest common divisor of 1159 and 19?
19
Calculate the greatest common factor of 15 and 1887.
3
Calculate the greatest common divisor of 24 and 1380.
12
Calculate the greatest common factor of 78 and 5096.
26
Calculate the greatest common divisor of 950 and 10.
10
What is the highest common divisor of 493 and 187?
17
Calculate the highest common factor of 1203 and 6.
3
Calculate the greatest common divisor of 5644 and 68.
68
What is the highest common factor of 395 and 5?
5
What is the greatest common factor of 24 and 392?
8
What is the greatest common factor of 510 and 150?
30
What is the greatest common divisor of 92 and 5773?
23
What is the greatest common divisor of 10 and 2110?
10
What is the greatest common factor of 908 and 4?
4
What is the highest common factor of 621 and 90?
9
Calculate the greatest common factor of 352 and 1568.
32
What is the greatest common divisor of 198 and 72?
18
What is the highest common factor of 14 and 3248?
14
What is the greatest common factor of 253 and 33?
11
What is the greatest common factor of 34 and 646?
34
What is the greatest common divisor of 120 and 4245?
15
Calculate the greatest common divisor of 40 and 520.
40
Calculate the highest common factor of 351 and 260.
13
Calculate the greatest common factor of 343 and 49.
49
Calculate the highest common factor of 166 and 2822.
166
What is the highest common divisor of 1410 and 90?
30
Calculate the highest common divisor of 28 and 124.
4
What is the highest common factor of 17464 and 74?
74
What is the highest common factor of 14668 and 76?
76
What is the highest common divisor of 8 and 1592?
8
What is the highest common divisor of 44 and 275?
11
What is the greatest common factor of 38 and 722?
38
What is the highest common divisor of 105 and 705?
15
What is the greatest common factor of 2608 and 16?
16
Calculate the greatest common divisor of 470 and 10.
10
Calculate the greatest common factor of 84 and 70.
14
What is the greatest common divisor of 201 and 3?
3
Calculate the greatest common factor of 2343 and 33.
33
What is the highest common factor of 5 and 1315?
5
What is the greatest common factor of 1121 and 118?
59
What is the greatest common factor of 18 and 117?
9
What is the highest common factor of 28 and 112?
28
Calculate the greatest common divisor of 14 and 4.
2
Calculate the highest common divisor of 60 and 3210.
30
Calculate the highest common divisor of 160 and 20.
20
Calculate the greatest common factor of 470 and 30.
10
What is the greatest common factor of 19 and 1235?
19
Calculate the highest common divisor of 63 and 369.
9
Calculate the greatest common divisor of 2666 and 172.
86
What is the highest common divisor of 1374 and 6?
6
Calculate the greatest common divisor of 12 and 22476.
12
Calculate the greatest common divisor of 828 and 396.
36
What is the greatest common divis